er when 653 is divided by 159.
17
What is the remainder when 910 is divided by 83?
80
Calculate the remainder when 96 is divided by 2.
0
Calculate the remainder when 1151 is divided by 89.
83
What is the remainder when 111 is divided by 23?
19
What is the remainder when 588 is divided by 17?
10
Calculate the remainder when 281 is divided by 65.
21
Calculate the remainder when 644 is divided by 81.
77
What is the remainder when 294 is divided by 30?
24
Calculate the remainder when 110 is divided by 41.
28
Calculate the remainder when 590 is divided by 37.
35
What is the remainder when 193 is divided by 18?
13
What is the remainder when 723 is divided by 17?
9
What is the remainder when 413 is divided by 106?
95
Calculate the remainder when 421 is divided by 53.
50
What is the remainder when 205 is divided by 84?
37
What is the remainder when 15 is divided by 13?
2
Calculate the remainder when 6894 is divided by 11.
8
What is the remainder when 4511 is divided by 38?
27
What is the remainder when 4139 is divided by 3?
2
Calculate the remainder when 94 is divided by 11.
6
What is the remainder when 136 is divided by 29?
20
What is the remainder when 121 is divided by 110?
11
Calculate the remainder when 358 is divided by 52.
46
What is the remainder when 9589 is divided by 14?
13
What is the remainder when 733 is divided by 46?
43
Calculate the remainder when 15249 is divided by 12.
9
Calculate the remainder when 363 is divided by 77.
55
Calculate the remainder when 284 is divided by 17.
12
Calculate the remainder when 934 is divided by 310.
4
Calculate the remainder when 24 is divided by 5.
4
What is the remainder when 476 is divided by 129?
89
What is the remainder when 425 is divided by 86?
81
What is the remainder when 304 is divided by 9?
7
Calculate the remainder when 463 is divided by 16.
15
What is the remainder when 6530 is divided by 198?
194
What is the remainder when 361 is divided by 14?
11
What is the remainder when 699 is divided by 100?
99
What is the remainder when 2413 is divided by 21?
19
Calculate the remainder when 26 is divided by 6.
2
What is the remainder when 237 is divided by 64?
45
What is the remainder when 2720 is divided by 243?
47
Calculate the remainder when 1979 is divided by 494.
3
What is the remainder when 2046 is divided by 251?
38
What is the remainder when 1169 is divided by 285?
29
What is the remainder when 494 is divided by 164?
2
What is the remainder when 46 is divided by 3?
1
What is the remainder when 306 is divided by 96?
18
What is the remainder when 4212 is divided by 69?
3
Calculate the remainder when 31 is divided by 23.
8
Calculate the remainder when 186 is divided by 10.
6
What is the remainder when 149 is divided by 57?
35
Calculate the remainder when 294 is divided by 25.
19
Calculate the remainder when 2573 is divided by 185.
168
What is the remainder when 578 is divided by 237?
104
What is the remainder when 569 is divided by 30?
29
Calculate the remainder when 8 is divided by 3.
2
Calculate the remainder when 20954 is divided by 169.
167
Calculate the remainder when 201 is divided by 63.
12
What is the remainder when 194 is divided by 49?
47
Calculate the remainder when 385 is divided by 66.
55
What is the remainder when 881 is divided by 211?
37
What is the remainder when 1825 is divided by 59?
55
Calculate the remainder when 98 is divided by 43.
12
What is the remainder when 141 is divided by 4?
1
What is the remainder when 26 is divided by 2?
0
What is the remainder when 40 is divided by 7?
5
What is the remainder when 1548 is divided by 16?
12
What is the remainder when 89 is divided by 52?
37
What is the remainder when 86 is divided by 34?
18
Calculate the remainder when 1878 is divided by 40.
38
Calculate the remainder when 33 is divided by 30.
3
What is the remainder when 109 is divided by 56?
53
What is the remainder when 219 is divided by 16?
11
Calculate the remainder when 2169 is divided by 272.
265
What is the remainder when 88 is divided by 27?
7
What is the remainder when 549 is divided by 111?
105
What is the remainder when 218 is divided by 19?
9
What is the remainder when 83 is divided by 18?
11
Calculate the remainder when 434 is divided by 87.
86
What is the remainder when 164 is divided by 11?
10
What is the remainder when 207 is divided by 40?
7
Calculate the remainder when 321 is divided by 11.
2
What is the remainder when 195 is divided by 22?
19
What is the remainder when 3087 is divided by 440?
7
Calculate the remainder when 1118 is divided by 330.
128
Calculate the remainder when 3644 is divided by 41.
36
What is the remainder when 34 is divided by 21?
13
What is the remainder when 3344 is divided by 27?
23
Calculate the remainder when 5763 is divided by 22.
21
What is the remainder when 383 is divided by 21?
5
Calculate the remainder when 701 is divided by 88.
85
What is the remainder when 1210 is divided by 15?
10
What is the remainder when 352 is divided by 61?
47
What is the remainder when 5291 is divided by 12?
11
Calculate the remainder when 167 is divided by 17.
14
Calculate the remainder when 18 is divided by 1.
0
Calculate the remainder when 1573 is divided by 61.
48
What is the remainder when 4585 is divided by 124?
121
Calculate the remainder when 360 is divided by 114.
18
What is the remainder when 34 is divided by 5?
4
Calculate the remainder when 1770 is divided by 48.
42
What is the remainder when 656 is divided by 10?
6
Calculate the remainder when 396 is divided by 71.
41
What is the remainder when 6772 is divided by 40?
12
What is the remainder when 10179 is divided by 3385?
24
What is the remainder when 431 is divided by 59?
18
What is the remainder when 762 is divided by 351?
60
Calculate the remainder when 290 is divided by 271.
19
Calculate the remainder when 2818 is divided by 15.
13
Calculate the remainder when 102 is divided by 52.
50
What is the remainder when 18267 is divided by 18?
15
What is the remainder when 109 is divided by 39?
31
What is the remainder when 711 is divided by 23?
21
What is the remainder when 678 is divided by 222?
12
Calculate the remainder when 2514 is divided by 836.
6
Calculate the remainder when 174 is divided by 32.
14
Calculate the remainder when 2218 is divided by 151.
104
Calculate the remainder when 153 is divided by 7.
6
What is the remainder when 1322 is divided by 260?
22
Calculate the remainder when 755 is divided by 722.
33
What is the remainder when 216 is divided by 46?
32
What is the remainder when 138 is divided by 53?
32
Calculate the remainder when 1255 is divided by 82.
25
Calculate the remainder when 1386 is divided by 87.
81
What is the remainder when 59 is divided by 26?
7
What is the remainder when 914 is divided by 18?
14
What is the remainder when 170 is divided by 2?
0
Calculate the remainder when 501 is divided by 101.
97
What is the remainder when 118 is divided by 51?
16
What is the remainder when 324 is divided by 47?
42
Calculate the remainder when 1767 is divided by 154.
73
Calculate the remainder when 80 is divided by 18.
8
Calculate the remainder when 44 is divided by 8.
4
What is the remainder when 260 is divided by 55?
40
What is the remainder when 173 is divided by 61?
51
What is the remainder when 152 is divided by 148?
4
Calculate the remainder when 102 is divided by 94.
8
Calculate the remainder when 8479 is divided by 265.
264
What is the remainder when 92 is divided by 44?
4
Calculate the remainder when 233 is divided by 52.
25
What is the remainder when 44 is divided by 18?
8
Calculate the remainder when 7513 is divided by 45.
43
What is the remainder when 717 is divided by 353?
11
What is the remainder when 1769 is divided by 882?
5
Calculate the remainder when 556 is divided by 19.
5
Calculate the remainder when 353 is divided by 51.
47
Calculate the remainder when 229 is divided by 72.
13
What is the remainder when 11 is divided by 3?
2
Calculate the remainder when 619 is divided by 155.
154
What is the remainder when 2820 is divided by 705?
0
Calculate the remainder when 437 is divided by 55.
52
Calculate the remainder when 456 is divided by 77.
71
What is the remainder when 2998 is divided by 19?
15
Calculate the remainder when 45 is divided by 24.
21
Calculate